351
What are the prime factors of 39808108?
2, 109, 91303
What are the prime factors of 44940881?
1093, 41117
List the prime factors of 125142315.
3, 5, 8342821
List the prime factors of 1558615186.
2, 779307593
List the prime factors of 117250753.
2657, 44129
List the prime factors of 117205194.
2, 3, 23, 419, 2027
List the prime factors of 69283531.
191, 362741
List the prime factors of 202550579.
7, 11, 113, 23279
List the prime factors of 249673300.
2, 5, 19, 331, 397
List the prime factors of 264575871.
3, 7, 73, 57529
What are the prime factors of 916387650?
2, 3, 5, 227, 8971
List the prime factors of 1362415566.
2, 3, 227069261
What are the prime factors of 44462970?
2, 3, 5, 271, 1823
List the prime factors of 132310823.
132310823
List the prime factors of 41898119.
157, 266867
What are the prime factors of 51540726?
2, 3, 8590121
What are the prime factors of 45200298?
2, 3, 11, 13, 139, 379
List the prime factors of 417014992.
2, 26063437
What are the prime factors of 757099709?
17, 44535277
List the prime factors of 2339990669.
2339990669
List the prime factors of 240996281.
37, 6513413
List the prime factors of 4541087019.
3, 7, 216242239
List the prime factors of 339196802.
2, 7, 24228343
List the prime factors of 1219985021.
23, 29, 151, 12113
What are the prime factors of 1103223?
3, 11, 101, 331
What are the prime factors of 46400489?
19, 827, 2953
List the prime factors of 184064972.
2, 7, 13, 29, 47, 53
What are the prime factors of 54330662?
2, 31, 876301
What are the prime factors of 44440606?
2, 7, 53, 101, 593
List the prime factors of 4370066271.
3, 5623, 86353
List the prime factors of 417849512.
2, 61, 856249
What are the prime factors of 862514033?
1741, 495413
What are the prime factors of 392799382?
2, 17, 23, 502301
List the prime factors of 370614691.
859, 431449
What are the prime factors of 322422745?
5, 647, 99667
List the prime factors of 814888357.
167, 4879571
List the prime factors of 1160664004.
2, 769, 377329
List the prime factors of 31686550.
2, 5, 7, 90533
What are the prime factors of 69429491?
31, 599, 3739
List the prime factors of 14431535.
5, 691, 4177
What are the prime factors of 150369933?
3, 7, 19, 31, 12157
List the prime factors of 2457438994.
2, 467, 2631091
What are the prime factors of 578869627?
7, 233, 257, 1381
List the prime factors of 880315233.
3, 7, 17, 352267
What are the prime factors of 3697804045?
5, 13, 17, 281, 11909
List the prime factors of 367649502.
2, 3, 11, 67, 71, 1171
What are the prime factors of 213099128?
2, 11, 47, 67, 769
What are the prime factors of 14420533?
449, 32117
What are the prime factors of 20340765?
3, 5, 452017
List the prime factors of 1046612821.
37, 179, 4271
List the prime factors of 2076290767.
17, 122134751
List the prime factors of 348591142.
2, 1451, 120121
What are the prime factors of 1274895?
3, 5, 41, 691
What are the prime factors of 7490962481?
31, 241643951
What are the prime factors of 226691090?
2, 5, 17, 19, 70183
List the prime factors of 466967288.
2, 17, 3433583
What are the prime factors of 22636480?
2, 5, 127, 557
List the prime factors of 50601722.
2, 25300861
List the prime factors of 184205810.
2, 5, 18420581
What are the prime factors of 491440606?
2, 97, 2533199
List the prime factors of 21367755.
3, 5, 474839
List the prime factors of 344074381.
7, 49153483
List the prime factors of 35542805.
5, 433, 16417
What are the prime factors of 2922023758?
2, 5441, 268519
What are the prime factors of 19319001?
3, 13, 495359
What are the prime factors of 2541004166?
2, 23, 61, 179, 5059
What are the prime factors of 431335579?
71, 1129, 5381
List the prime factors of 534269040.
2, 3, 5, 733, 3037
What are the prime factors of 80464997?
43, 1871279
List the prime factors of 1366703189.
103, 107, 269, 461
List the prime factors of 819329875.
5, 7, 13, 17, 19, 223
What are the prime factors of 579630250?
2, 5, 29, 31, 2579
List the prime factors of 4006751262.
2, 3, 277, 641, 3761
What are the prime factors of 41685090?
2, 3, 5, 83, 16741
List the prime factors of 2715209806.
2, 1357604903
List the prime factors of 1056002488.
2, 132000311
What are the prime factors of 482784428?
2, 7, 17, 107, 9479
What are the prime factors of 617865881?
617865881
List the prime factors of 13544267.
11, 547, 2251
What are the prime factors of 278176236?
2, 3, 13, 17, 29, 3617
List the prime factors of 40585246.
2, 13, 89, 17539
What are the prime factors of 4534974239?
23, 197172793
List the prime factors of 1544864427.
3, 57217201
What are the prime factors of 699394822?
2, 7, 557, 89689
List the prime factors of 3066217115.
5, 13, 5393, 8747
List the prime factors of 47248586.
2, 7, 11, 306809
List the prime factors of 31936830.
2, 3, 5, 29, 36709
What are the prime factors of 3824892914?
2, 43, 79, 193, 2917
List the prime factors of 464655744.
2, 3, 7, 19207
List the prime factors of 32637938.
2, 727, 22447
List the prime factors of 1721340365.
5, 73, 4716001
List the prime factors of 2287402559.
13, 751, 234293
What are the prime factors of 294639942?
2, 3, 29, 1693333
What are the prime factors of 556374666?
2, 3, 509, 182179
List the prime factors of 62992033.
13, 43, 112687
List the prime factors of 633422923.
7, 797, 113537
List the prime factors of 52685052.
2, 3, 7, 367, 1709
What are the prime factors of 1618419792?
2, 3, 11, 61, 109, 461
List the prime factors of 432272749.
389, 683, 1627
What are the prime factors of 6395441?
13, 193, 2549
List the prime factors of 214161076.
2, 53540269
List the prime factors of 3722763807.
3, 7, 6565721
What are the prime factors of 363898275?
3, 5, 13, 373229
What are the prime factors of 37244072?
2, 41, 271, 419
List the prime factors of 2443351238.
2, 233, 5243243
What are the prime factors of 7295301689?
13, 79, 7103507
What are the prime factors of 261442682?
2, 130721341
What are the prime factors of 448713025?
5, 19, 944659
What are the prime factors of 118778964?
2, 3, 47, 210601
List the prime factors of 950734536.
2, 3, 31, 37, 34537
List the prime factors of 394253324.
2, 17, 1657, 3499
What are the prime factors of 224116056?
2, 3, 631, 4933
List the prime factors of 327080537.
7, 6675113
What are the prime factors of 57622074?
2, 3, 97, 181, 547
What are the prime factors of 398308675?
5, 97, 164251
What are the prime factors of 126357190?
2, 5, 1373, 9203
List the prime factors of 85740475.
5, 3429619
What are the prime factors of 521498710?
2, 5, 52149871
What are the prime factors of 6284499760?
2, 5, 7, 11, 23, 44357
List the prime factors of 38073188.
2, 19, 23, 947
What are the prime factors of 831830?
2, 5, 193, 431
List the prime factors of 2076799335.
3, 5, 13, 67, 158959
List the prime factors of 26675399.
131, 157, 1297
List the prime factors of 9839988.
2, 3, 179, 509
List the prime factors of 1760723468.
2, 7, 8983283
What are the prime factors of 32756362?
2, 16378181
What are the prime factors of 37850456?
2, 7, 23, 29387
What are the prime factors of 1832556286?
2, 11, 83298013
What are the prime factors of 58610739?
3, 11, 23, 31, 47, 53
List the prime factors of 87087639.
3, 53, 421, 1301
What are the prime factors of 336575977?
47, 109, 65699
List the prime factors of 2308784154.
2, 3, 107, 109, 32993
List the prime factors of 551023054.
2, 1451, 189877
List the prime factors of 1139222994.
2, 3, 7, 13, 43, 48523
What are the prime factors of 2079227539?
353, 859, 6857
List the prime factors of 5886646080.
2, 3, 5, 7, 509, 1721
List the prime factors of 269728644.
2, 3, 31, 725077
What are the prime factors of 630421430?
2, 5, 29, 73, 97, 307
List the prime factors of 382846907.
1279, 299333
What are the prime factors of 98821545?
3, 5, 1997, 3299
What are the prime factors of 106649960?
2, 5, 61, 109, 401
List the prime factors of 1569174690.
2, 3, 5, 52305823
What are the prime factors of 200174908?
2, 50043727
List the prime factors of 133757586.
2, 3, 79, 94063
What are the prime factors of 806675056?
2, 11, 31, 13441
What are the prime factors of 1402402609?
1402402609
What are the prime factors of 1261285012?
2, 13, 17, 4937
List the prime factors of 187487595.
3, 5, 1388797
List the prime factors of 234980099.
127, 787, 2351
List the prime factors of 265